 c(6)?
4
Let y(h) = h - 1. Let s(z) = -35*z + 152. Let t(a) = -33*a + 154. Let l(j) = -5*s(j) + 6*t(j). Let v be l(7). Give y(v).
2
Let u(g) be the third derivative of -g**5/60 + 5*g**4/6 - 52*g**3/3 - 551*g**2 + 4*g. Calculate u(12).
-8
Suppose -255*i + 676 = -229*i. Let n(b) = b - 50. What is n(i)?
-24
Let s(u) = -3*u**2 + 27*u + 6. Let n be s(9). Suppose -3*i + n*i = -3. Let t(x) = 1 + x + 23*x + 0*x. Calculate t(i).
-23
Let y(u) = -61 - 73288*u**2 - 3*u + 146522*u**2 - 73256*u**2 - u**3. Calculate y(-22).
5
Let o(a) be the second derivative of -2*a**3 - 49*a**2/2 - 221*a - 3. Determine o(-4).
-1
Let w(j) = j**3 + 6*j**2 + 6*j + 5. Let p be 6/((-25)/(-10) - 1) - -92. Let z be 18/(-42) + p/(-21). Give w(z).
0
Let z = -5298 - -5317. Let b(r) = r**2 - 21*r + 38. Determine b(z).
0
Let l(q) = -3*q. Let y(o) = -13*o + 1 + 0*o + 14*o. Let d(p) = l(p) + 2*y(p). Let k(i) = i**2 + 37*i + 75. Let x be k(-35). Give d(x).
-3
Let h(b) = 17*b - 46. Let p(d) = 175*d + 14538. Let q be p(-83). Calculate h(q).
175
Let d(x) = 25*x + 3. Let w = -385 + 378. Let y(t) = -14*t - 2. Let z(l) = w*y(l) - 4*d(l). What is z(-5)?
12
Let z(q) = -2*q - 7. Let r(i) = -i**3 + 26*i + 5. Let t be r(-5). Suppose t = 11*v - 6*v + 260. Let n = v + 47. Determine z(n).
3
Let q(p) = -p**2 - 7*p + 6. Suppose 2*w = 28 - 48. Let s = 14 + w. Suppose -24 = -v + s*v. What is q(v)?
-2
Let w = -11305 - -11302. Let l(n) = 3*n**3 - 5*n + 12. Give l(w).
-54
Let h = -5014 + 5017. Let v(p) = 7*p + 3. Determine v(h).
24
Suppose 3*i - 3 = 0, 26*k = 30*k - i - 27. Let s(g) = -6*g + 3 + 8*g**2 + 1 + 10*g**2 - 17*g**2. Give s(k).
11
Let n(o) = -o**2 + 11*o + 2. Let p be 1/2*(2 + 2). Let w = 1710 - 1694. Let g be (w - (-3 + -1))/(1*p). Determine n(g).
12
Suppose 2*d + 49*t - 47*t = 2, 5*t - 25 = 5*d. Let f(v) = 9*v**2 + 2*v - 6. Give f(d).
26
Let y be (-3)/(-6) + (-1)/2. Let b(h) = 7561 + 7694 + h - h**3 - 15236. Determine b(y).
19
Let g(s) = -22*s**2 - s + 3. Let r(t) = -87*t**2 + 5*t + 7. Let v(o) = 4*g(o) - r(o). Let y(q) = 10*q + 1. Let k be y(-1). What is v(k)?
5
Let d(l) = 75393*l**2 - 37695*l**2 - 37697*l**2 + 2*l. Give d(2).
8
Let k be 11/((-44)/(-432)) + -4. Let w = k + -61. Let c(s) = 48 + 6*s + w - 90. Calculate c(1).
7
Let c(v) be the second derivative of -237*v + 0 + 15/2*v**2 - 1/2*v**3. Determine c(6).
-3
Let k(w) = 33*w + 118. Let d(s) = 31*s + 114. Let g(o) = -8*d(o) + 7*k(o). What is g(-5)?
-1
Let j be (-1 - -3)*(-15)/6. Let u = -26 - -30. Let g(f) = 3*f + 1 + 2 + f**2 - u - 3. Determine g(j).
6
Let j(n) = -16 + 9 + 13 + 21*n - 3 - 20*n**2 - n**3 + 14. Give j(-21).
17
Let o be 0*(2 + (-6)/4). Let b(m) = 13*m - 79. Let c(i) = 24*i - 143. Let y(z) = -11*b(z) + 6*c(z). Give y(o).
11
Let t(i) = -3*i + 3. Suppose 5*o + 441 = -4*r, 2*o + 291 = -3*r - 38. Let b = r + 119. Let z(n) = n**3 - 9*n**2 - 8*n - 25. Let s be z(b). Calculate t(s).
18
Suppose -30*r = 4*a - 33*r + 27, 2*a + 3*r = -9. Let x(d) be the second derivative of -d**4/12 - 7*d**3/6 + 5*d**2/2 + 14*d. Calculate x(a).
11
Let c(x) = -3*x**2 - 7*x - 7. Let o(t) = -t**2 - t. Suppose 2 = 5*h + 3*a, 0 = -4*a - 9 + 5. Let f(g) = h*c(g) - 2*o(g). Calculate f(-2).
-1
Let f = -157 + 164. Let x(y) be the first derivative of 2*y**3/3 - 13*y**2/2 - 8*y + 12. Give x(f).
-1
Let y(c) be the second derivative of c**7/40 + c**6/180 - c**4/24 + c**3/3 - 47*c**2/2 - 2*c + 18. Let d(t) be the second derivative of y(t). Determine d(1).
22
Let b(v) = 64 - 5*v**2 - 11*v**2 + 9*v**2 - 30*v - 21 + 8*v**2. Calculate b(29).
14
Let p(j) = 3*j**2 - 30*j + 6. Let f be p(10). Suppose -10*v - 28 = -f*v. Let r(k) = -k**2 - 7*k + 1. Determine r(v).
1
Let h(s) = 3 - 163*s**2 + 329*s**2 - 161*s**2 + 1 + s**3 - 2. Suppose 0 = -p + 3*p + 10. What is h(p)?
2
Let a(x) = x**2 - 4*x + 45. Let l(c) = 29*c**2 + 692*c - 89. Let z be l(-24). Give a(z).
66
Let p(d) = d**3 - 6*d**2 + 4*d - 5. Suppose -4*b - 18*r + 20*r - 62 = 0, -r = 3*b + 59. Let w be (-32)/(-6) - 12/b. Calculate p(w).
19
Suppose 9*n - 3*w = 5*n - 368, 0 = w. Let h = 94 + n. Let b(p) = 3 + 2*p**2 - p**2 + 4*p + 0*p**h + 0*p**2. What is b(-4)?
3
Let u(i) = i**2 - 4*i + 1. Let x(r) = r**2 - r. Let p(l) = -3*u(l) + 2*x(l). Let z(y) = y + 2. Let d be z(7). What is p(d)?
6
Let n(f) = 1455*f - 3*f**3 - 1455*f + f**2. Suppose -7*r + 34 = 6. Suppose -14 = -2*v - r*x, -7 = v + 2*v - x. What is n(v)?
4
Let i = 25 + -20. Let y(u) = -31*u**3 + 4*u**2 + 6*u - 5. Let d(t) = 449*t**3 - 56*t**2 - 85*t + 70. Let q(g) = -2*d(g) - 29*y(g). Give q(i).
10
Let b be 65/15*3/1. Let i = 37 - b. Suppose 0 = 13*k - 9*k - i. Let w(v) = v**3 - 5*v**2 - 5*v + 6. What is w(k)?
12
Let s(m) = -8*m. Let o(c) be the first derivative of 7*c**2/2 + 9. Let f(q) = 7*o(q) + 6*s(q). Let a be ((-90)/4)/3*(-12)/(-18). Determine f(a).
-5
Let d(b) = 1 + 4692*b**2 - 2347*b**2 + 4 - 2346*b**2 - 14*b + 0. Calculate d(-17).
-46
Let d be (-46)/(-4) + (-22)/(-44). Suppose 0 = -23*t - d - 11. Let o(r) = -4*r - 1. Determine o(t).
3
Let m(w) = 31 + w**2 - 671*w + 694*w + 95. What is m(-15)?
6
Let s(z) = 5*z**2 - 31*z - 4. Let x(b) = 9*b**2 - 56*b - 9. Let c(w) = 7*s(w) - 4*x(w). Suppose 5*i = y + 25, 2*i = y + 4*y - 13. Give c(i).
14
Let c(s) = 67*s + 7897*s**2 - 3947*s**2 + 36 - 3952*s**2. Give c(34).
2
Let t be (-132)/(-18)*(288/(-66))/(-4). Let r(s) = 5*s - 28. What is r(t)?
12
Let a(u) = -u**2 + 4*u + 5. Suppose -3*j = 4 - 358. Let y = 122 - j. Give a(y).
5
Let z(m) = -2*m**3 - 11*m**2 - m - 11. Let i(l) = -4*l - l + 3*l - 15 + 4 - 18*l**2 - 10 - 3*l**3. Let h(j) = -3*i(j) + 5*z(j). Determine h(0).
8
Let o = 26 - 12. Let m(h) = 4*h - 13. Let x be m(4). Let d(v) = -x + 4 + 5*v + 0*v + o*v. Calculate d(-1).
-18
Let k = -150 - -156. Suppose p + 15 = -3*q, -k*p = -3*p + 2*q + 31. Let j(l) be the first derivative of l**4/4 + 3*l**3 - l**2/2 - 8*l + 9. Give j(p).
1
Let h(s) = s**3 - 7*s**2 + 8*s - 7. Let q(d) = -77*d + 157. Let c be q(6). Let a = c + 311. Give h(a).
5
Let n(q) = -4*q - 1 - 3 + 0 + 5. Suppose -11 = 32*b - 44*b + 23*b. Calculate n(b).
5
Suppose -4*x + 5*g + 15 = 0, -4*g - 1 + 71 = 5*x. Let s(o) = -5*o + 25. Give s(x).
-25
Let v(i) = 4*i**3 - i**2 + 2*i - 2. Let l(t) = t**3 - 5*t**2 - 10*t + 27. Let s be l(6). Suppose s*b - 10 = -4*n, -2*n - b + 11 = 7. Give v(n).
3
Suppose -43*i + 118*i = 0. Let u(c) = -c**3 - c**2 + c - 4. What is u(i)?
-4
Let y(k) = -k - 1. Let p be (-2)/(-5)*26 + 4/(-10). Suppose 14 = -p*a - 4*a. Let b(g) = 3*g + 3. Let t(s) = a*b(s) - 4*y(s). Calculate t(-6).
-5
Suppose -3*q = 3*k - 0 + 6, 4*q = 3*k + 27. Let t(x) = -15*x + 18. Let w = 323 - 317. Let y(g) = 17*g - 23. Let c(s) = w*t(s) + 5*y(s). What is c(k)?
18
Let z(j) = j**2 + 3*j. Suppose -10*m + 9*m + 329 = -48*m. Determine z(m).
28
Let t(b) = -10*b - 3 - 4*b**2 + 3*b**2 - 2. Suppose 0*l - 2*l + 333 = 3*j, 444 = 4*j + 2*l. Let k = -120 + j. What is t(k)?
4
Let u = -7 - -2. Let y(b) = -b - 2. Let z(k) = 4*k - 7. Let w(d) = 4*d - 5. Let r(h) = 6*w(h) - 5*z(h). Let g(c) = -r(c) - 3*y(c). What is g(u)?
6
Let f(t) = -2*t + 12. Suppose -679*i = -674*i + 2*c + 10, -5*i + 5 = 5*c. Determine f(i).
20
Suppose 3*s + 15 = 3*d - 0*s, 4*s = -5*d - 2. Let o(n) = d - 2 + 3*n**3 - 19*n**3. Suppose 0 = -8*u + 13*u + 5. Calculate o(u).
16
Let j(v) = -v**2 - 4*v + 8. Suppose 250 = 3*l - 8*l. Let o = l - -52. Suppose k - 2*w - 2 = 0, -o*k + w - 4*w - 24 = 0. Give j(k).
-4
Let r(s) = 1849 - 58*s**2 + 59*s**2 - 1910 + 17*s. Calculate r(-20).
-1
Let s(o) = -92*o**3 + o + 4. Let i(c) = -88*c**3 + c + 6. Let k(q) = 3*i(q) - 4*s(q). Give k(1).
105
Let s(m) be the second derivative of 5*m**3/3 + 3*m**2/2 + 14*m - 10. Calculate s(-2).
-17
Let m(k) be the second derivative of 3*k**5/20 - k**4/4 - 5*k**3/3 - 2*k**2 - 3*k - 32. Give m(-2).
-20
Let q(f) = -3*f**2 - 25*f - 2. Let k = -1211 + 1203. Give q(k).
6
Let t(v) be the third derivative of -v**5/60 + 27*v**3/2 - 1301*v**2. Calculate t(9).
0
Let r(o) = -31*o**2 + 16*o - 12. Let t(g) = 132*g**2 - 64*g + 47. Let l(v) = -17*r(v) - 4*t(v). Give l(-17).
-1
Let z(d) = 29*d + 20. Let h(u) = -15*u - 10. Let k(s) = -7*h(s) - 4*z(s). What is k(-3)?
23
Let r(c) = -3*c - 915 + 476 + 442 - 6*c**2. Determine r(1).
-6
Let t(d) = -20*d + 21*d - 248 + 252. Let u(c) = 2*c - 46. Let r be u(20). Give t(r).
-2
Let l(x) be the second derivative of 5*x**3/3 + 19*x**2/2